105
132 (base 13) to base 14
110
Convert -255 (base 11) to base 3.
-102012
d09 (base 14) to base 11
1a15
11201 (base 7) to base 5
42333
4d9 (base 14) to base 4
33033
Convert 124b3 (base 12) to base 11.
1778a
-213 (base 12) to base 5
-2203
What is -30a (base 14) in base 3?
-211011
What is -10115 (base 9) in base 4?
-1220000
Convert -b92 (base 13) to base 12.
-118a
Convert -34606 (base 10) to base 12.
-1803a
What is -605 (base 13) in base 16?
-3fb
Convert -2cc (base 16) to base 11.
-5a1
-10011011 (base 2) to base 9
-182
60565 (base 8) to base 16
6175
-15155 (base 6) to base 4
-212033
3768 (base 13) to base 8
17264
Convert -a4b3 (base 12) to base 14.
-67b1
Convert -1011100 (base 2) to base 11.
-84
Convert -52515 (base 6) to base 2.
-1101110111111
What is -11313 (base 5) in base 6?
-3505
Convert 22774 (base 9) to base 15.
4794
Convert 13331 (base 11) to base 9.
28085
-10428 (base 15) to base 5
-3122223
1812 (base 9) to base 3
1220102
-4a8 (base 11) to base 8
-1132
What is 11101000 (base 2) in base 4?
3220
What is 32200 (base 6) in base 12?
2660
-10120020 (base 3) to base 9
-3506
1001011010110 (base 2) to base 6
34154
What is -585 (base 13) in base 11?
-798
-119 (base 11) to base 15
-96
Convert -1aa1 (base 14) to base 9.
-6573
3031 (base 6) to base 11
557
Convert 489 (base 10) to base 11.
405
Convert -11212020 (base 3) to base 7.
-13221
2110012 (base 4) to base 8
22406
Convert -3312 (base 7) to base 6.
-5253
Convert 19545 (base 13) to base 15.
e8c6
Convert -16361 (base 7) to base 4.
-1020221
What is -105505 (base 6) in base 8?
-21521
Convert 391b (base 13) to base 8.
17710
604d (base 16) to base 2
110000001001101
1244 (base 5) to base 9
241
What is -9151 (base 11) in base 15?
-3906
Convert 77322 (base 8) to base 6.
410150
What is -10200021 (base 3) in base 4?
-221320
Convert 57204 (base 8) to base 12.
12004
What is 12200021 (base 3) in base 10?
4138
What is -326d (base 14) in base 13?
-3c7b
Convert 18988 (base 10) to base 13.
8848
Convert 1291 (base 10) to base 8.
2413
-22301230 (base 4) to base 3
-2020112211
What is 1451 (base 7) in base 3?
210022
Convert -11120 (base 4) to base 15.
-17e
4c9c (base 13) to base 7
43624
Convert 10320 (base 5) to base 12.
4b2
Convert -323221 (base 6) to base 10.
-26653
What is 11546 (base 11) in base 16?
40f3
Convert -10111101010101 (base 2) to base 8.
-27525
122220 (base 3) to base 6
2123
-100111011100101 (base 2) to base 16
-4ee5
-14240 (base 5) to base 8
-2253
What is -112 (base 15) in base 14?
-134
Convert 620 (base 15) to base 3.
1220010
What is -32751 (base 8) in base 6?
-143521
What is 3102310 (base 4) in base 8?
32264
Convert -12525 (base 6) to base 5.
-30200
What is -1011000001100 (base 2) in base 5?
-140034
Convert -20051 (base 6) to base 8.
-5077
Convert -9cb (base 15) to base 5.
-32331
Convert -10011110101 (base 2) to base 16.
-4f5
Convert -2262 (base 7) to base 16.
-33c
Convert -1573 (base 8) to base 3.
-1020000
-4807 (base 15) to base 16
-3bcb
-341 (base 16) to base 15
-3a8
Convert 1247 (base 16) to base 13.
218c
Convert 8b0 (base 14) to base 5.
23342
d40b (base 15) to base 4
22323302
What is 681 (base 12) in base 3?
1022121
20013 (base 8) to base 3
102020211
5e6c (base 15) to base 3
1000121110
Convert -1411 (base 11) to base 14.
-947
-405 (base 10) to base 14
-20d
What is 2485 (base 13) in base 10?
5179
20020101 (base 3) to base 16
11c2
What is -1120200100 (base 3) in base 4?
-13212021
-59d (base 16) to base 13
-867
Convert -204222 (base 5) to base 8.
-15234
Convert -1827 (base 12) to base 16.
-b5f
-22103 (base 4) to base 15
-2de
-b47 (base 13) to base 11
-1494
-6766 (base 8) to base 3
-11220101
10130 (base 5) to base 12
475
-540521 (base 6) to base 12
-21741
Convert -390 (base 11) to base 4.
-13032
9e7 (base 16) to base 10
2535
Convert -32230 (base 4) to base 12.
-664
-101110100 (base 2) to base 14
-1c8
124 (base 10) to base 3
11121
Convert 11534 (base 11) to base 4.
10003212
Convert 365 (base 9) to base 8.
456
What is -17c (base 14) in base 12?
-216
-1225 (base 7) to base 16
-1cc
Convert 180 (base 16) to base 11.
31a
b631 (base 12) to base 7
112021
Convert -12553 (base 12) to base 15.
-7600
Convert 47a (base 14) to base 6.
4044
1057 (base 8) to base 2
1000101111
Convert 7dd9 (base 15) to base 3.
1100200220
What is -441 (base 5) in base 13?
-94
-35ab (base 16) to base 9
-20755
Convert 260 (base 12) to base 13.
219
What is 6097 (base 10) in base 4?
1133101
What is 1001020 (base 3) in base 6?
3310
What is -2b4 (base 15) in base 7?
-1543
What is 4 (base 11) in base 8?
4
Convert c87 (base 16) to base 13.
15c9
-4213304 (base 5) to base 13
-25a26
12100 (base 4) to base 16
190
-829 (base 10) to base 4
-30331
Convert -12515 (base 6) to base 9.
-2562
What is 3558 (base 12) in base 4?
1131110
What is -1a1 (base 11) in base 6?
-1024
Convert -81a2 (base 14) to base 7.
-121662
Convert 4145 (base 6) to base 13.
566
-202422 (base 8) to base 7
-365565
What is -28 (base 15) in base 3?
-1102
Convert 67 (base 13) to base 16.
55
What is 1142 (base 9) in base 10?
848
What is 521 (base 8) in base 10?
337
What is -564 (base 9) in base 5?
-3323
What is -48bc (base 13) in base 2?
-10100000110111
What is 837 (base 11) in base 16?
3f0
Convert -57542 (base 8) to base 9.
-36441
Convert -3ea3 (base 16) to base 12.
-9343
10111101 (base 2) to base 11
162
-2223 (base 9) to base 12
-b49
-11a1 (base 11) to base 4
-120123
What is 20110 (base 5) in base 10?
1280
What is 1382b (base 14) in base 8?
136177
Convert -2 (base 9) to base 15.
-2
What is -4205 (base 11) in base 4?
-1113003
What is -43133 (base 5) in base 16?
-b66
What is -221 (base 6) in base 16?
-55
Convert -144704 (base 9) to base 5.
-10320110
What is 311 (base 7) in base 4?
2123
-2486 (base 10) to base 14
-c98
-21300 (base 5) to base 14
-758
What is 13121 (base 4) in base 15?
218
Convert 375 (base 13) to base 15.
2a3
What is 4778 (base 10) in base 9?
6488
What is b5ac (base 14) in base 15?
942b
-41d8 (base 15) to base 10
-13928
12331 (base 7) to base 16
cb8
What is -1123003 (base 4) in base 5?
-141302
-11101101000001 (base 2) to base 9
-22724
What is -3040 (base 7) in base 2?
-10000100001
-313121 (base 5) to base 11
-7905
Convert 14134 (base 7) to base 10.
3847
13101130 (base 4) to base 6
345524
Convert 127 (base 8) to base 16.
57
Convert -1925 (base 12) to base 8.
-5755
What is 39116 (base 10) in base 13?
14a5c
Convert -1055 (base 10) to base 4.
-100133
Convert -10133 (base 4) to base 16.
-11f
-100021 (base 3) to base 7
-505
What is 2c49 (base 13) in base 7?
24621
What is 777 (base 10) in base 3?
1001210
Convert -1110011010101 (base 2) to base 7.
-30343
What is -3054 (base 9) in base 5?
-32421
-40102 (base 5) to base 4
-213133
What is -10011100010000 (base 2) in base 6?
-114144
-12270 (base 8) to base 11
-3a92
16830 (base 11) to base 10
23628
7021 (base 8) to base 3
11221101
What is 538 (base 12) in base 16?
2fc
Convert -2331101 (base 4) to base 13.
-568a
What is -3113203 (base 4) in base 6?
-143511
352665 (base 7) to base 5
4012303
1212020 (base 3) to base 8
2514
5030 (base 6) to base 11
909
What is 6230 (base 7) in base 15?
9a2
Convert -11000011111010 (base 2) to base 13.
-5926
d3c (base 16) to base 14
1340
Convert 122002 (base 5) to base 10.
4627
b19 (base 14) to base 11
1701
704 (base 9) to base 11
47a
a143 (base 11) to base 6
142222
-33a4 (base 14) to base 3
-110022000
1a4 (base 15) to base 16
17b
What is 26bb (base 14) in base 16?
1aad
What is -110411 (base 5) in base 2?
-111100010000
What is 211211 (base 3) in base 10?
616
What is -336 (base 8) in base 2?
-11011110
303132 (base 6) to base 14
8a88
Convert 4c18 (base 13) to base 10.
10837
What is -174 (base 12) in base 6?
-1024
-800 (base 16) to base 9
-2725
-2570 (base 12) to base 15
-13e0
What is 1332321 (base 4) in base 5?
224441
Convert -359 (base 12) to base 16.
-1f5
14402 (base 6) to base 5
33211
Convert -5853 (base 16) to base 11.
-15a96
Convert 4946 (base 12) to base 16.
2046
Convert -211112 (base 3) to base 10.
-608
-5141 (base 6) to base 11
-948
2068 (base 12) to base 11
2725
What is -127 (base 11) in base 8?
-226
Convert -6087 (base 14) to base 15.
-4da8
12c (base 13) to base 4
3033
-2042 (base 7) to base 14
-392
3579 (base 12) to base 11
4562
Convert -b9c (base 13) to base 3.
-2201122
What is 50 (base 15